{"id":1179,"date":"2018-11-13T11:15:15","date_gmt":"2018-11-13T10:15:15","guid":{"rendered":"http:\/\/zuzannacalka.com\/?page_id=1179"},"modified":"2020-12-03T21:12:17","modified_gmt":"2020-12-03T20:12:17","slug":"dyskografia","status":"publish","type":"page","link":"https:\/\/zuzannacalka.com\/index.php\/pl\/dyskografia\/","title":{"rendered":"DYSKOGRAFIA"},"content":{"rendered":"\t\t<div data-elementor-type=\"wp-page\" data-elementor-id=\"1179\" class=\"elementor elementor-1179\">\n\t\t\t\t\t\t<div class=\"elementor-inner\">\n\t\t\t\t<div class=\"elementor-section-wrap\">\n\t\t\t\t\t\t\t\t\t<section class=\"elementor-section elementor-top-section elementor-element elementor-element-6aee659 elementor-section-full_width elementor-section-height-default elementor-section-height-default\" data-id=\"6aee659\" data-element_type=\"section\" data-settings=\"{&quot;background_background&quot;:&quot;classic&quot;}\">\n\t\t\t\t\t\t<div class=\"elementor-container elementor-column-gap-no\">\n\t\t\t\t\t\t\t<div class=\"elementor-row\">\n\t\t\t\t\t<div class=\"elementor-column elementor-col-100 elementor-top-column elementor-element elementor-element-117c5745\" data-id=\"117c5745\" data-element_type=\"column\">\n\t\t\t<div class=\"elementor-column-wrap elementor-element-populated\">\n\t\t\t\t\t\t\t<div class=\"elementor-widget-wrap\">\n\t\t\t\t\t\t<section class=\"elementor-section elementor-inner-section elementor-element elementor-element-2185814d elementor-section-boxed elementor-section-height-default elementor-section-height-default\" data-id=\"2185814d\" data-element_type=\"section\">\n\t\t\t\t\t\t<div class=\"elementor-container elementor-column-gap-default\">\n\t\t\t\t\t\t\t<div class=\"elementor-row\">\n\t\t\t\t\t<div class=\"elementor-column elementor-col-100 elementor-inner-column elementor-element elementor-element-5f20ab1c\" data-id=\"5f20ab1c\" data-element_type=\"column\">\n\t\t\t<div class=\"elementor-column-wrap elementor-element-populated\">\n\t\t\t\t\t\t\t<div class=\"elementor-widget-wrap\">\n\t\t\t\t\t\t<div class=\"elementor-element elementor-element-792d06c4 elementor-widget elementor-widget-heading\" data-id=\"792d06c4\" data-element_type=\"widget\" data-widget_type=\"heading.default\">\n\t\t\t\t<div class=\"elementor-widget-container\">\n\t\t\t<h2 class=\"elementor-heading-title elementor-size-default\">Discography<\/h2>\t\t<\/div>\n\t\t\t\t<\/div>\n\t\t\t\t<div class=\"elementor-element elementor-element-791d5c80 elementor-widget-divider--view-line elementor-widget elementor-widget-divider\" data-id=\"791d5c80\" data-element_type=\"widget\" data-widget_type=\"divider.default\">\n\t\t\t\t<div class=\"elementor-widget-container\">\n\t\t\t\t\t<div class=\"elementor-divider\">\n\t\t\t<span class=\"elementor-divider-separator\">\n\t\t\t\t\t\t<\/span>\n\t\t<\/div>\n\t\t\t\t<\/div>\n\t\t\t\t<\/div>\n\t\t\t\t\t\t<\/div>\n\t\t\t\t\t<\/div>\n\t\t<\/div>\n\t\t\t\t\t\t\t\t<\/div>\n\t\t\t\t\t<\/div>\n\t\t<\/section>\n\t\t\t\t<section class=\"elementor-section elementor-inner-section elementor-element elementor-element-18d9fa2 elementor-section-boxed elementor-section-height-default elementor-section-height-default\" data-id=\"18d9fa2\" data-element_type=\"section\">\n\t\t\t\t\t\t<div class=\"elementor-container elementor-column-gap-default\">\n\t\t\t\t\t\t\t<div class=\"elementor-row\">\n\t\t\t\t\t<div class=\"elementor-column elementor-col-100 elementor-inner-column elementor-element elementor-element-43b0bc8\" data-id=\"43b0bc8\" data-element_type=\"column\">\n\t\t\t<div class=\"elementor-column-wrap\">\n\t\t\t\t\t\t\t<div class=\"elementor-widget-wrap\">\n\t\t\t\t\t\t\t\t<\/div>\n\t\t\t\t\t<\/div>\n\t\t<\/div>\n\t\t\t\t\t\t\t\t<\/div>\n\t\t\t\t\t<\/div>\n\t\t<\/section>\n\t\t\t\t<section class=\"elementor-section elementor-inner-section elementor-element elementor-element-629cd0ff elementor-section-boxed elementor-section-height-default elementor-section-height-default\" data-id=\"629cd0ff\" data-element_type=\"section\">\n\t\t\t\t\t\t<div class=\"elementor-container elementor-column-gap-wide\">\n\t\t\t\t\t\t\t<div class=\"elementor-row\">\n\t\t\t\t\t<div class=\"elementor-column elementor-col-100 elementor-inner-column elementor-element elementor-element-2508e5d2\" data-id=\"2508e5d2\" data-element_type=\"column\">\n\t\t\t<div class=\"elementor-column-wrap elementor-element-populated\">\n\t\t\t\t\t\t\t<div class=\"elementor-widget-wrap\">\n\t\t\t\t\t\t<div class=\"elementor-element elementor-element-4660831e elementor-widget elementor-widget-image\" data-id=\"4660831e\" data-element_type=\"widget\" data-widget_type=\"image.default\">\n\t\t\t\t<div class=\"elementor-widget-container\">\n\t\t\t\t\t\t\t\t<div class=\"elementor-image\">\n\t\t\t\t\t\t\t\t\t\t\t\t<img src=\"http:\/\/zuzannacalka.com\/wp-content\/uploads\/2018\/11\/Zrzut-ekranu-2018-11-16-o-20.53.24.png\" title=\"\" alt=\"\" \/>\t\t\t\t\t\t\t\t\t\t\t\t\t\t<\/div>\n\t\t\t\t\t\t<\/div>\n\t\t\t\t<\/div>\n\t\t\t\t<div class=\"elementor-element elementor-element-6c9db82 elementor-widget elementor-widget-heading\" data-id=\"6c9db82\" data-element_type=\"widget\" data-widget_type=\"heading.default\">\n\t\t\t\t<div class=\"elementor-widget-container\">\n\t\t\t<h3 class=\"elementor-heading-title elementor-size-default\">Warsaw Concerto<\/h3>\t\t<\/div>\n\t\t\t\t<\/div>\n\t\t\t\t<div class=\"elementor-element elementor-element-6ce92b44 elementor-widget elementor-widget-heading\" data-id=\"6ce92b44\" data-element_type=\"widget\" data-widget_type=\"heading.default\">\n\t\t\t\t<div class=\"elementor-widget-container\">\n\t\t\t<p class=\"elementor-heading-title elementor-size-default\">2018<\/p>\t\t<\/div>\n\t\t\t\t<\/div>\n\t\t\t\t<div class=\"elementor-element elementor-element-50fca6c0 elementor-align-center elementor-tablet-align-center elementor-mobile-align-center elementor-widget elementor-widget-button\" data-id=\"50fca6c0\" data-element_type=\"widget\" data-widget_type=\"button.default\">\n\t\t\t\t<div class=\"elementor-widget-container\">\n\t\t\t\t\t<div class=\"elementor-button-wrapper\">\n\t\t\t<a href=\"https:\/\/www.youtube.com\/watch?v=BLzHB1XhGkI&#038;feature=emb_logo\" class=\"elementor-button-link elementor-button elementor-size-sm\" role=\"button\">\n\t\t\t\t\t\t<span class=\"elementor-button-content-wrapper\">\n\t\t\t\t\t\t\t<span class=\"elementor-button-icon elementor-align-icon-left\">\n\t\t\t\t<i aria-hidden=\"true\" class=\"fab fa-youtube\"><\/i>\t\t\t<\/span>\n\t\t\t\t\t\t<span class=\"elementor-button-text\">YouTube<\/span>\n\t\t<\/span>\n\t\t\t\t\t<\/a>\n\t\t<\/div>\n\t\t\t\t<\/div>\n\t\t\t\t<\/div>\n\t\t\t\t<div class=\"elementor-element elementor-element-f87a81b elementor-align-center elementor-tablet-align-center elementor-mobile-align-center elementor-widget elementor-widget-button\" data-id=\"f87a81b\" data-element_type=\"widget\" data-widget_type=\"button.default\">\n\t\t\t\t<div class=\"elementor-widget-container\">\n\t\t\t\t\t<div class=\"elementor-button-wrapper\">\n\t\t\t<a href=\"https:\/\/zuzannacalka.bandcamp.com\/releases\" class=\"elementor-button-link elementor-button elementor-size-sm\" role=\"button\">\n\t\t\t\t\t\t<span class=\"elementor-button-content-wrapper\">\n\t\t\t\t\t\t\t<span class=\"elementor-button-icon elementor-align-icon-left\">\n\t\t\t\t<i aria-hidden=\"true\" class=\"fab fa-bandcamp\"><\/i>\t\t\t<\/span>\n\t\t\t\t\t\t<span class=\"elementor-button-text\">Bandcamp<\/span>\n\t\t<\/span>\n\t\t\t\t\t<\/a>\n\t\t<\/div>\n\t\t\t\t<\/div>\n\t\t\t\t<\/div>\n\t\t\t\t\t\t<\/div>\n\t\t\t\t\t<\/div>\n\t\t<\/div>\n\t\t\t\t\t\t\t\t<\/div>\n\t\t\t\t\t<\/div>\n\t\t<\/section>\n\t\t\t\t<div class=\"elementor-element elementor-element-470ba5f5 elementor-widget elementor-widget-spacer\" data-id=\"470ba5f5\" data-element_type=\"widget\" data-widget_type=\"spacer.default\">\n\t\t\t\t<div class=\"elementor-widget-container\">\n\t\t\t\t\t<div class=\"elementor-spacer\">\n\t\t\t<div class=\"elementor-spacer-inner\"><\/div>\n\t\t<\/div>\n\t\t\t\t<\/div>\n\t\t\t\t<\/div>\n\t\t\t\t\t\t<\/div>\n\t\t\t\t\t<\/div>\n\t\t<\/div>\n\t\t\t\t\t\t\t\t<\/div>\n\t\t\t\t\t<\/div>\n\t\t<\/section>\n\t\t\t\t<section class=\"elementor-section elementor-top-section elementor-element elementor-element-29d02d3 elementor-section-full_width elementor-section-height-default elementor-section-height-default\" data-id=\"29d02d3\" data-element_type=\"section\">\n\t\t\t\t\t\t<div class=\"elementor-container elementor-column-gap-default\">\n\t\t\t\t\t\t\t<div class=\"elementor-row\">\n\t\t\t\t\t<div class=\"elementor-column elementor-col-100 elementor-top-column elementor-element elementor-element-2f17698\" data-id=\"2f17698\" data-element_type=\"column\">\n\t\t\t<div class=\"elementor-column-wrap elementor-element-populated\">\n\t\t\t\t\t\t\t<div class=\"elementor-widget-wrap\">\n\t\t\t\t\t\t<div class=\"elementor-element elementor-element-33f50e64 elementor-view-default elementor-widget elementor-widget-icon\" data-id=\"33f50e64\" data-element_type=\"widget\" data-widget_type=\"icon.default\">\n\t\t\t\t<div class=\"elementor-widget-container\">\n\t\t\t\t\t<div class=\"elementor-icon-wrapper\">\n\t\t\t<div class=\"elementor-icon elementor-animation-grow\">\n\t\t\t<i aria-hidden=\"true\" class=\"fas fa-quote-left\"><\/i>\t\t\t<\/div>\n\t\t<\/div>\n\t\t\t\t<\/div>\n\t\t\t\t<\/div>\n\t\t\t\t<div class=\"elementor-element elementor-element-ac9fdb0 elementor-widget elementor-widget-text-editor\" data-id=\"ac9fdb0\" data-element_type=\"widget\" data-widget_type=\"text-editor.default\">\n\t\t\t\t<div class=\"elementor-widget-container\">\n\t\t\t\t\t\t\t\t<div class=\"elementor-text-editor elementor-clearfix\">\n\t\t\t\t<p>&#8222;Zgrabnie u\u0142o\u017cony program i znakomite mo\u017cliwo\u015bci pianistki w zakresie nie tylko osza\u0142amiaj\u0105cej techniki, ale te\u017c nadania utworom osobistego wyd\u017awi\u0119ku, sprawiaj\u0105 \u017ce jej debiutancki album \u201cWarsaw Concerto\u201d, to p\u0142yta po kt\u00f3r\u0105 si\u0119gn\u0105\u0107 winien ka\u017cdy mi\u0142o\u015bnik muzyki fortepianowej.&#8221;<\/p><p><span style=\"caret-color: #000000; color: #000000; font-size: 20px; font-weight: 600; white-space: pre-wrap; font-family: Roboto, sans-serif;\">Robert Ratajczak<\/span><\/p><p><span style=\"color: #bfbfbf; font-family: Roboto Slab, sans-serif;\"><span style=\"caret-color: #bfbfbf; font-size: 15px; letter-spacing: 3px; text-transform: uppercase; white-space: pre-wrap;\">LongPlay<\/span><\/span><\/p>\t\t\t\t\t<\/div>\n\t\t\t\t\t\t<\/div>\n\t\t\t\t<\/div>\n\t\t\t\t\t\t<\/div>\n\t\t\t\t\t<\/div>\n\t\t<\/div>\n\t\t\t\t\t\t\t\t<\/div>\n\t\t\t\t\t<\/div>\n\t\t<\/section>\n\t\t\t\t<section class=\"elementor-section elementor-top-section elementor-element elementor-element-39b2082 elementor-section-full_width elementor-section-height-default elementor-section-height-default\" data-id=\"39b2082\" data-element_type=\"section\">\n\t\t\t\t\t\t<div class=\"elementor-container elementor-column-gap-default\">\n\t\t\t\t\t\t\t<div class=\"elementor-row\">\n\t\t\t\t\t<div class=\"elementor-column elementor-col-100 elementor-top-column elementor-element elementor-element-a8762d2\" data-id=\"a8762d2\" data-element_type=\"column\">\n\t\t\t<div class=\"elementor-column-wrap elementor-element-populated\">\n\t\t\t\t\t\t\t<div class=\"elementor-widget-wrap\">\n\t\t\t\t\t\t<div class=\"elementor-element elementor-element-e26caff elementor-view-default elementor-widget elementor-widget-icon\" data-id=\"e26caff\" data-element_type=\"widget\" data-widget_type=\"icon.default\">\n\t\t\t\t<div class=\"elementor-widget-container\">\n\t\t\t\t\t<div class=\"elementor-icon-wrapper\">\n\t\t\t<div class=\"elementor-icon elementor-animation-grow\">\n\t\t\t<i aria-hidden=\"true\" class=\"fas fa-quote-left\"><\/i>\t\t\t<\/div>\n\t\t<\/div>\n\t\t\t\t<\/div>\n\t\t\t\t<\/div>\n\t\t\t\t<div class=\"elementor-element elementor-element-2c12ef6 elementor-widget elementor-widget-text-editor\" data-id=\"2c12ef6\" data-element_type=\"widget\" data-widget_type=\"text-editor.default\">\n\t\t\t\t<div class=\"elementor-widget-container\">\n\t\t\t\t\t\t\t\t<div class=\"elementor-text-editor elementor-clearfix\">\n\t\t\t\t<p>&#8222;<\/p><p>Oto \u015bwietny solowy debiut p\u0142ytowy Zuzanny Ca\u0142ki, m\u0142odej pianistki-kameralistki, kt\u00f3rej g\u0142\u00f3wnym atutem jest najszlachetniejsza, bo wrodzona muzykalno\u015b\u0107. Polonez As-dur Chopina zagrany zosta\u0142 majestatycznie i bez po\u015bpiechu, cho\u0107 z rytmiczn\u0105 werw\u0105 i polotem. M\u0142odzi piani\u015bci zbyt cz\u0119sto widz\u0105 w tym utworze brawur\u0119 i pust\u0105 wirtuozeri\u0119. Zuzanna na szcz\u0119\u015bcie do tego grona nie nale\u017cy.<\/p><p>Chopina jest wi\u0119cej- zagrany z pi\u0119knym wyczuciem rubata Mazurek op.17 nr.4 oraz pe\u0142ne dyskretnych westchnie\u0144 Preludium Deszczowe . Warsaw Concerto Addinsella w wersji na fortepian solo, cho\u0107 nie brzmi tak barwie jak oryginalna wersja z orkiestr\u0105, to jednak sugestywnie przenosi nas w \u015bwiat neoromantycznych uniesie\u0144 i harmonicznych splot\u00f3w \u00e0 la Rachmaninow.<\/p><p>Nokturn Paderewskiego, nagrany w innej, zmatowionej przestrzeni akustycznej, zbli\u017ca nas do estetyki new-age, prowokuj\u0105c pytania o ponadczasowo\u015b\u0107 Sztuki w czasach wszechobecnego ch\u0142amu i artystycznej degrengolady. Zagrany ulotnie, eterycznie, z doskona\u0142ym wyczuciem czasu, drobiazg Paderewskiego sprawia, \u017ce \u0142za ci\u015bnie si\u0119 do oka. Highly recomanded!<\/p><p>&#8222;<\/p><p><span style=\"color: #000000; font-family: Roboto, sans-serif;\"><span style=\"caret-color: #000000; font-size: 20px; font-weight: 600; white-space: pre-wrap;\">Jan Jakub Bokun<\/span><\/span><\/p><p><span style=\"color: #bfbfbf; font-family: Roboto Slab, sans-serif;\"><span style=\"caret-color: #bfbfbf; font-size: 15px; letter-spacing: 3px; text-transform: uppercase; white-space: pre-wrap;\">DYRYGENT, KLARNECISTA<\/span><\/span><\/p>\t\t\t\t\t<\/div>\n\t\t\t\t\t\t<\/div>\n\t\t\t\t<\/div>\n\t\t\t\t\t\t<\/div>\n\t\t\t\t\t<\/div>\n\t\t<\/div>\n\t\t\t\t\t\t\t\t<\/div>\n\t\t\t\t\t<\/div>\n\t\t<\/section>\n\t\t\t\t\t\t\t\t\t<\/div>\n\t\t\t<\/div>\n\t\t\t\t\t<\/div>\n\t\t","protected":false},"excerpt":{"rendered":"<p>Discography Warsaw Concerto 2018 YouTube Bandcamp &#8222;Zgrabnie u\u0142o\u017cony program i znakomite mo\u017cliwo\u015bci pianistki w zakresie nie tylko osza\u0142amiaj\u0105cej techniki, ale te\u017c nadania utworom osobistego wyd\u017awi\u0119ku, sprawiaj\u0105 \u017ce jej debiutancki album \u201cWarsaw Concerto\u201d, to p\u0142yta po kt\u00f3r\u0105 si\u0119gn\u0105\u0107 winien ka\u017cdy mi\u0142o\u015bnik muzyki fortepianowej.&#8221; Robert Ratajczak LongPlay &#8222; Oto \u015bwietny solowy debiut p\u0142ytowy Zuzanny Ca\u0142ki, m\u0142odej pianistki-kameralistki,&#8230;<\/p>\n","protected":false},"author":1,"featured_media":0,"parent":0,"menu_order":0,"comment_status":"closed","ping_status":"closed","template":"","meta":[],"post_mailing_queue_ids":[],"_links":{"self":[{"href":"https:\/\/zuzannacalka.com\/index.php\/wp-json\/wp\/v2\/pages\/1179"}],"collection":[{"href":"https:\/\/zuzannacalka.com\/index.php\/wp-json\/wp\/v2\/pages"}],"about":[{"href":"https:\/\/zuzannacalka.com\/index.php\/wp-json\/wp\/v2\/types\/page"}],"author":[{"embeddable":true,"href":"https:\/\/zuzannacalka.com\/index.php\/wp-json\/wp\/v2\/users\/1"}],"replies":[{"embeddable":true,"href":"https:\/\/zuzannacalka.com\/index.php\/wp-json\/wp\/v2\/comments?post=1179"}],"version-history":[{"count":7,"href":"https:\/\/zuzannacalka.com\/index.php\/wp-json\/wp\/v2\/pages\/1179\/revisions"}],"predecessor-version":[{"id":1186,"href":"https:\/\/zuzannacalka.com\/index.php\/wp-json\/wp\/v2\/pages\/1179\/revisions\/1186"}],"wp:attachment":[{"href":"https:\/\/zuzannacalka.com\/index.php\/wp-json\/wp\/v2\/media?parent=1179"}],"curies":[{"name":"wp","href":"https:\/\/api.w.org\/{rel}","templated":true}]}}